{"id":659,"date":"2013-09-11T10:52:26","date_gmt":"2013-09-11T09:52:26","guid":{"rendered":"http:\/\/squash-steiermark.org\/?page_id=659"},"modified":"2023-08-07T21:39:26","modified_gmt":"2023-08-07T19:39:26","slug":"download-testing","status":"publish","type":"page","link":"https:\/\/www.squash-steiermark.org\/?page_id=659","title":{"rendered":"Download"},"content":{"rendered":"<p align=\"justify\">Auf dieser Seite k\u00f6nnen sie verschiedene Unterlagen zum Squashbetrieb downloaden. Diese Unterlagen wurden vom \u00d6SRV, <a title=\"\u00d6SRV - Dachverband der \u00f6sterreichischen Squashvereine\" href=\"http:\/\/www.squash.or.at\">\u00d6sterreichischen Squash Rackets Verband<\/a>, erstellt und sind auf dessen Homepage zum Download bereitgestellt.<\/p>\n<p align=\"justify\"><a href=\"https:\/\/www.squash.or.at\/oesrv\/downloads\/\">\u00d6SRV Downloads<\/a><br \/>\n<a href=\"http:\/\/www.squash.or.at\/plus\/downloads-sport\/\">\u00d6SRV Statuten und Ordnungen<\/a><br \/>\n<a href=\"https:\/\/www.squash.or.at\/oesrv\/verband\/\">\u00d6SRV Download Verband<\/a><br \/>\n<a href=\"https:\/\/www.squash.or.at\/coaching\/schulsport\/\">Schulsport<\/a><br \/>\n<a href=\"https:\/\/www.intooli.at\/match22\/\">Match 22<\/a><\/p>\n<h3 align=\"justify\">Konzepte des \u00d6SRV<\/h3>\n<p>Hier findet IHR die aktuellen \u00d6SRV Konzepte!<\/p>\n<p>Folgende Unterlagen sind derzeit \u00fcber diese Seite downloadbar:<\/p>\n<h3>Vereinsbetrieb: Planung \/ Antragsformular f\u00fcr zuk\u00fcnftige F\u00f6rderungen\/Unterst\u00fctzungen<\/h3>\n<ul>\n<li><a href=\"https:\/\/www.squash-steiermark.org\/wp-content\/uploads\/2020\/08\/Antragsformular-StSRV-PC-1.pdf\">Antragsformular; Planung<\/a><\/li>\n<\/ul>\n<h3>Ligabetrieb:<\/h3>\n<ul>\n<li><a href=\"https:\/\/www.squash-steiermark.org\/wp-content\/uploads\/2020\/08\/Mannschaftsmeldung.pdf\">Mannschaftsmeldung<\/a><\/li>\n<li><a href=\"https:\/\/www.squash-steiermark.org\/wp-content\/uploads\/2020\/08\/Mannschaftsspielermeldung.pdf\">Mannschaftsspielermeldung<\/a><\/li>\n<li><a href=\"https:\/\/www.squash-steiermark.org\/wp-content\/uploads\/2013\/09\/2014_SchiriformSTSRV.pdf\">Schiedsrichter Formular (pdf)<\/a><\/li>\n<li><a href=\"https:\/\/www.squash-steiermark.org\/wp-content\/uploads\/2013\/09\/2014_Ergebnisblatt.pdf\">Ergebnisblatt (pdf)<\/a><\/li>\n<li><a href=\"https:\/\/www.squash-steiermark.org\/wp-content\/uploads\/2013\/09\/SchiriformSTSRV.xls\">Schiedsrichter \/ Ergebnisblatt (xls)<\/a><\/li>\n<\/ul>\n<h3>Regeln:<\/h3>\n<ul>\n<li><a href=\"http:\/\/www.squash.or.at\/fileadmin\/content\/2013\/Downloads\/WSF_Squash_Einzel_Regeln_Wachter_Rev4.pdf\">Kurzfassung Einzel<\/a><\/li>\n<li><a href=\"http:\/\/www.squash.or.at\/fileadmin\/content\/2013\/Downloads\/WSF_Squash_Einzel_Regeln_Wachter_Rev4.pdf\">Spielregeln Einzel\u00a0<\/a><\/li>\n<li><a href=\"http:\/\/www.squash.or.at\/fileadmin\/content\/2013\/Downloads\/Doppelregeln_Kurzfassung.pdf\">Spielregeln Doppel<\/a><\/li>\n<\/ul>\n<h3>Raster:<\/h3>\n<ul>\n<li><a href=\"https:\/\/www.squash-steiermark.org\/wp-content\/uploads\/2013\/09\/16er-ras.xls\">16er-ras<\/a><\/li>\n<li><a href=\"https:\/\/www.squash-steiermark.org\/wp-content\/uploads\/2013\/09\/32er-ras.xls\">32er-ras<\/a><\/li>\n<li><a href=\"https:\/\/www.squash-steiermark.org\/?attachment_id=6775\">64er-ras<\/a><\/li>\n<\/ul>\n","protected":false},"excerpt":{"rendered":"<p>Auf dieser Seite k\u00f6nnen sie verschiedene Unterlagen zum Squashbetrieb downloaden. Diese Unterlagen wurden vom \u00d6SRV, \u00d6sterreichischen Squash Rackets Verband, erstellt und sind auf dessen Homepage zum Download bereitgestellt. \u00d6SRV Downloads \u00d6SRV Statuten und Ordnungen \u00d6SRV Download Verband Schulsport Match 22 &hellip;<\/p>\n<p class=\"read-more\"> <a class=\"more-link\" href=\"https:\/\/www.squash-steiermark.org\/?page_id=659\"> <span class=\"screen-reader-text\">Download<\/span> Read More &raquo;<\/a><\/p>\n","protected":false},"author":1,"featured_media":0,"parent":59,"menu_order":35,"comment_status":"closed","ping_status":"open","template":"","meta":[],"_links":{"self":[{"href":"https:\/\/www.squash-steiermark.org\/index.php?rest_route=\/wp\/v2\/pages\/659"}],"collection":[{"href":"https:\/\/www.squash-steiermark.org\/index.php?rest_route=\/wp\/v2\/pages"}],"about":[{"href":"https:\/\/www.squash-steiermark.org\/index.php?rest_route=\/wp\/v2\/types\/page"}],"author":[{"embeddable":true,"href":"https:\/\/www.squash-steiermark.org\/index.php?rest_route=\/wp\/v2\/users\/1"}],"replies":[{"embeddable":true,"href":"https:\/\/www.squash-steiermark.org\/index.php?rest_route=%2Fwp%2Fv2%2Fcomments&post=659"}],"version-history":[{"count":32,"href":"https:\/\/www.squash-steiermark.org\/index.php?rest_route=\/wp\/v2\/pages\/659\/revisions"}],"predecessor-version":[{"id":8205,"href":"https:\/\/www.squash-steiermark.org\/index.php?rest_route=\/wp\/v2\/pages\/659\/revisions\/8205"}],"up":[{"embeddable":true,"href":"https:\/\/www.squash-steiermark.org\/index.php?rest_route=\/wp\/v2\/pages\/59"}],"wp:attachment":[{"href":"https:\/\/www.squash-steiermark.org\/index.php?rest_route=%2Fwp%2Fv2%2Fmedia&parent=659"}],"curies":[{"name":"wp","href":"https:\/\/api.w.org\/{rel}","templated":true}]}}