{"id":44,"date":"2013-06-16T19:38:48","date_gmt":"2013-06-16T17:38:48","guid":{"rendered":"http:\/\/squash-steiermark.org\/?page_id=44"},"modified":"2018-10-09T11:38:22","modified_gmt":"2018-10-09T09:38:22","slug":"1-klasse","status":"publish","type":"page","link":"https:\/\/www.squash-steiermark.org\/?page_id=44","title":{"rendered":"2018\/19"},"content":{"rendered":"<hr \/>\n<p><a name=\"Termine 2016\/17 1K\"><\/a><\/p>\n<p><a href=\"https:\/\/www.squash-steiermark.org\/?page_id=5555\">Info Termine 1. Klasse 2018\/19<\/a><\/p>\n<hr \/>\n<ul>\n<li><a href=\"http:\/\/www.intooli.at\/match22\/event\/728\/\">Match22<\/a><\/li>\n<li><a href=\"http:\/\/www.intooli.at\/match22\/event\/728\/result\/1\/\">Ergebnisse<\/a><\/li>\n<li><a href=\"http:\/\/www.intooli.at\/match22\/event\/728\/team\/\">Mannschaften<\/a><\/li>\n<li><a href=\"#Info_Allgemein\">1. Klasse Info Allgemein<\/a><\/li>\n<li><a href=\"#\u00c4nderungen\">\u00c4nderungen<\/a><\/li>\n<\/ul>\n<p>&nbsp;<\/p>\n<hr \/>\n<p><a name=\"Info_Allgemein\"><\/a><\/p>\n<p>&nbsp;<\/p>\n<h3>1. Klasse Info Allgemein<\/h3>\n<p><a href=\"#scroll-top\"><em>nach oben<\/em><\/a><\/p>\n<p align=\"justify\">Die 1. KLasse ist die zweith\u00f6chste Spielklasse der steirischen Squashszene. Nachdem sich nach 2004 einige Mannschaften aus verschiedenen Gr\u00fcnden aufgel\u00f6st haben, wurde der Spielbetrieb der 1.Klasse im Jahr 2010 durch gro\u00dfen pers\u00f6nlichen Einsatz von Sportwart Richard Koller und der Unterst\u00fctzung des Vereins &#8220;UWK Graz&#8221; wiederbelebt. Viele Hobbyspieler haben wieder Interesse daran gefunden, sich mit gleichgesinnten Squashern in einem Wettbewerb zu messen.<\/p>\n<p style=\"text-align: justify;\">Der Sieger der 1.Klasse ist berechtigt, ein Relegationsspiel um den Aufstieg in die steirischen Landesliga in der darauf folgenden Saison zu bestreiten. Wird auf dieses Recht verzichtet, kann die siegreiche Mannschaft wieder in der 1. Klasse spielen und den Titel zu verteidigen versuchen.<\/p>\n<p style=\"text-align: justify;\">Sollten auch Sie mit Ihrer Spielgemeinschaft Interesse daran haben in der 1.Klasse mitzuspielen, dann melden Sie sich bitte beim StSRV <a title=\"EMail StSRV\" href=\"mailto:stsrv@gmx.at\">(E-Mail an den StSRV)<\/a>.<\/p>\n<p>&nbsp;<\/p>\n<hr \/>\n<p><a name=\"\u00c4nderungen\"><\/a><\/p>\n<p>&nbsp;<\/p>\n<h3>\u00c4nderungen<\/h3>\n<p><a href=\"#scroll-top\"><em>nach oben<\/em><\/a><\/p>\n<p style=\"text-align: justify;\">Bei der Generalversammlung des StSRV wurden auch einige \u00c4nderungen im Spielbetrieb der steirischen Ligen beschlossen:<\/p>\n<ul>\n<li>Spieltage bleiben, die <span style=\"color: #ff0000;\"><strong>Uhrzeiten \u00e4ndern<\/strong><\/span> sich:<br \/>\n&#8212; Landesliga und 1.Klasse: Freitag ab <span style=\"color: #ff0000;\"><strong>18.00 Uhr<\/strong><\/span><br \/>\n&#8212; Turniere: Freitag ab 17.00 Uhr und\/oder Samstag ab 10.00 Uhr (sofern nicht anders angegeben)<\/li>\n<li>Hobbyturnierserie:<br \/>\n&#8212; Turnierserie f\u00fcr Hobbyspieler und 1.Klasse-Spieler wird von Oktober bis April durchgef\u00fchrt<\/li>\n<li>Spieltermine Verschiebungen:<br \/>\n&#8212; Verschiebungen sind grunds\u00e4tzlich nicht mehr m\u00f6glich<br \/>\n&#8212; Nicht angetretene Spiele werden mit 5:11 verloren gewertet<br \/>\n&#8212; Nicht\/Unvollst\u00e4ndig antretende Mannschaften werden beim ersten Mal verwarnt<br \/>\n&#8212; Nicht antretende Mannschaften erhalten einen Punkteabzug von 1 Punkt<br \/>\n&#8212; Im Wiederholungsfall kommen die Strafen laut StSRV- Strafenkatalog zur Anwendung<\/li>\n<li>Beginnzeiten Spielrunden:<br \/>\n&#8212; Veranstaltende Mannschaft hat darauf zu achten, dass p\u00fcnktlich begonnen wird<br \/>\n&#8212; Versp\u00e4tungen: 10 min = 1 Punktverlust, 20 min = 1 Satzverlust, 30 min = Spielverlust<\/li>\n<li>Abgaben und Geb\u00fchren:<br \/>\n&#8212; erstmalige geringf\u00fcgige Erh\u00f6hung der Nenngeb\u00fchren seit der Euro-Umstellung:<br \/>\n&#8212; Mannschaftsabgabe je Team: \u20ac 40,&#8211;<br \/>\n&#8212; Spielernenngeld je Spieler: \u20ac 20,&#8211;<\/li>\n<\/ul>\n<p>&nbsp;<\/p>\n<p>&nbsp;<\/p>\n<p>&nbsp;<\/p>\n<p>&nbsp;<\/p>\n<p>&nbsp;<\/p>\n<p>&nbsp;<\/p>\n<p>&nbsp;<\/p>\n<p>&nbsp;<\/p>\n","protected":false},"excerpt":{"rendered":"<p>Info Termine 1. Klasse 2018\/19 Match22 Ergebnisse Mannschaften 1. Klasse Info Allgemein \u00c4nderungen &nbsp; &nbsp; 1. Klasse Info Allgemein nach oben Die 1. KLasse ist die zweith\u00f6chste Spielklasse der steirischen Squashszene. Nachdem sich nach 2004 einige Mannschaften aus verschiedenen Gr\u00fcnden &hellip;<\/p>\n<p class=\"read-more\"> <a class=\"more-link\" href=\"https:\/\/www.squash-steiermark.org\/?page_id=44\"> <span class=\"screen-reader-text\">2018\/19<\/span> Read More &raquo;<\/a><\/p>\n","protected":false},"author":1,"featured_media":0,"parent":123,"menu_order":3,"comment_status":"closed","ping_status":"closed","template":"","meta":[],"_links":{"self":[{"href":"https:\/\/www.squash-steiermark.org\/index.php?rest_route=\/wp\/v2\/pages\/44"}],"collection":[{"href":"https:\/\/www.squash-steiermark.org\/index.php?rest_route=\/wp\/v2\/pages"}],"about":[{"href":"https:\/\/www.squash-steiermark.org\/index.php?rest_route=\/wp\/v2\/types\/page"}],"author":[{"embeddable":true,"href":"https:\/\/www.squash-steiermark.org\/index.php?rest_route=\/wp\/v2\/users\/1"}],"replies":[{"embeddable":true,"href":"https:\/\/www.squash-steiermark.org\/index.php?rest_route=%2Fwp%2Fv2%2Fcomments&post=44"}],"version-history":[{"count":180,"href":"https:\/\/www.squash-steiermark.org\/index.php?rest_route=\/wp\/v2\/pages\/44\/revisions"}],"predecessor-version":[{"id":5628,"href":"https:\/\/www.squash-steiermark.org\/index.php?rest_route=\/wp\/v2\/pages\/44\/revisions\/5628"}],"up":[{"embeddable":true,"href":"https:\/\/www.squash-steiermark.org\/index.php?rest_route=\/wp\/v2\/pages\/123"}],"wp:attachment":[{"href":"https:\/\/www.squash-steiermark.org\/index.php?rest_route=%2Fwp%2Fv2%2Fmedia&parent=44"}],"curies":[{"name":"wp","href":"https:\/\/api.w.org\/{rel}","templated":true}]}}