{"id":3382,"date":"2015-09-06T14:30:44","date_gmt":"2015-09-06T12:30:44","guid":{"rendered":"http:\/\/squash-steiermark.org\/?page_id=3382"},"modified":"2015-09-06T14:30:44","modified_gmt":"2015-09-06T12:30:44","slug":"201415-2","status":"publish","type":"page","link":"https:\/\/www.squash-steiermark.org\/?page_id=3382","title":{"rendered":"2014\/15"},"content":{"rendered":"<h2>1. Kl. 2015 &#8211; Sieger Squash Paradies<\/h2>\n<p style=\"text-align: justify;\">\n<p style=\"text-align: justify;\">Mit einer sehr starken Aufstellung, Manfred Brunner, Gabriel Braunagel, Edwin Sch\u00f6nfelder, Pranay Sanklecha, Robert Holzapfel, Markus Waldner und Armin F\u00f6ssl dominierten die &#8220;Paradieser&#8221; \u00fcber das ganze Jahr die 1. Klasse in der Steiermark und konnten sich den Sieg schon in der vorletzten Runde sichern. Trotzdem musste noch Othmar Ruprecht in der letzten Runde einspringen um die krankheitsbedingten Ausf\u00e4lle zu kompensieren und ein Antreten zu viert zu erm\u00f6glichen.<\/p>\n<figure id=\"attachment_3144\" aria-describedby=\"caption-attachment-3144\" style=\"width: 300px\" class=\"wp-caption aligncenter\"><a href=\"https:\/\/www.squash-steiermark.org\/wp-content\/uploads\/2015\/03\/201415_1K_Finale-043.jpg\"><img loading=\"lazy\" src=\"https:\/\/www.squash-steiermark.org\/wp-content\/uploads\/2015\/03\/201415_1K_Finale-043-300x200.jpg\" alt=\"Othmar, Edwin, Armin, Koko, Markus, Robert\" width=\"300\" height=\"200\" class=\"size-medium wp-image-3144\" srcset=\"https:\/\/www.squash-steiermark.org\/wp-content\/uploads\/2015\/03\/201415_1K_Finale-043-300x200.jpg 300w, https:\/\/www.squash-steiermark.org\/wp-content\/uploads\/2015\/03\/201415_1K_Finale-043.jpg 1024w, https:\/\/www.squash-steiermark.org\/wp-content\/uploads\/2015\/03\/201415_1K_Finale-043-100x67.jpg 100w, https:\/\/www.squash-steiermark.org\/wp-content\/uploads\/2015\/03\/201415_1K_Finale-043-150x100.jpg 150w, https:\/\/www.squash-steiermark.org\/wp-content\/uploads\/2015\/03\/201415_1K_Finale-043-200x134.jpg 200w, https:\/\/www.squash-steiermark.org\/wp-content\/uploads\/2015\/03\/201415_1K_Finale-043-450x301.jpg 450w, https:\/\/www.squash-steiermark.org\/wp-content\/uploads\/2015\/03\/201415_1K_Finale-043-600x401.jpg 600w, https:\/\/www.squash-steiermark.org\/wp-content\/uploads\/2015\/03\/201415_1K_Finale-043-900x601.jpg 900w\" sizes=\"(max-width: 300px) 100vw, 300px\" \/><\/a><figcaption id=\"caption-attachment-3144\" class=\"wp-caption-text\">Othmar, Edwin, Armin, Koko, Markus, Robert<\/figcaption><\/figure>\n<p><a href=\"https:\/\/www.squash-steiermark.org\/?p=3143\">zum Bericht 1. Klasse 2015 &#8211; Sieger Squash Paradies<\/a><\/p>\n<ul>\n<li><a href=\"#Ergebnisse\">Ergebnisse<\/a><\/li>\n<li><a href=\"#Mannschaften_1K_2014\">Mannschaften<\/a><\/li>\n<\/ul>\n<hr>\n<p><a name=\"Ergebnisse\"><\/a><\/p>\n<p>&nbsp;<\/p>\n<h3>Ergebnisse<\/h3>\n<p><a href=\"#scroll-top\"><em>nach oben<\/em><\/a><\/p>\n<ul>\n<li><a href=\"https:\/\/www.squash-steiermark.org\/wp-content\/uploads\/2013\/06\/Erg_1K2014_1Runde.pdf\" title=\"Ergebnisse Runde 1\">Runde 1<\/a><\/li>\n<li><a href=\"https:\/\/www.squash-steiermark.org\/wp-content\/uploads\/2013\/06\/201415_1K_02Runde.pdf\" title=\"Ergebnisse Runde 2\">Runde 2<\/a><\/li>\n<li><a href=\"https:\/\/www.squash-steiermark.org\/wp-content\/uploads\/2013\/06\/201415_1K_03Runde.pdf\" title=\"Ergebnisse Runde 3\">Runde 3<\/a><\/li>\n<li><a href=\"https:\/\/www.squash-steiermark.org\/wp-content\/uploads\/2013\/06\/201415_1K_04Runde.pdf\" title=\"Ergebnisse Runde 4\">Runde 4<\/a><\/li>\n<li><a href=\"https:\/\/www.squash-steiermark.org\/wp-content\/uploads\/2013\/06\/201415_1K_05_Runde.pdf\" title=\"Ergebnisse Runde 5\">Runde 5<\/a><\/li>\n<li><a href=\"https:\/\/www.squash-steiermark.org\/wp-content\/uploads\/2015\/02\/201415_1K_06Runde.pdf\" title=\"Ergebnisse Runde 6\">Runde 6<\/a><\/li>\n<li><a href=\"https:\/\/www.squash-steiermark.org\/wp-content\/uploads\/2013\/06\/201415_1K_07Runde.pdf\" title=\"Ergebnisse Runde 7\">Runde 7<\/a><\/li>\n<li><a href=\"https:\/\/www.squash-steiermark.org\/wp-content\/uploads\/2013\/06\/2014_1K_Runde_08.pdf\" title=\"Ergebnisse Runde 8\">Runde 8<\/a><\/li>\n<\/ul>\n<hr>\n<p><a name=\"Mannschaften_1K_2014\"><\/a><\/p>\n<p>&nbsp;<\/p>\n<h3>Mannschaften 1. Klasse 2014\/15<\/h3>\n<p><a href=\"#scroll-top\"><em>nach oben<\/em><\/a><\/p>\n<ul>\n<li>\n<h4><strong>Gleisdorf<\/strong><\/h4>\n<ol>\n<li>Engelmaier Hermann<\/li>\n<li>Schwarzenberger Horst (MF)<\/li>\n<li>Mendes James<\/li>\n<li>Lechner Thomas<\/li>\n<li>Schruf Claus<\/li>\n<li>Puchner Claus<\/li>\n<li>Meissl Martina<\/li>\n<\/ol>\n<\/li>\n<li>\n<h4><strong>USI<\/strong><\/h4>\n<ol>\n<li>Amberger Christian<\/li>\n<li>Meister Karl (MF)<\/li>\n<li>Hoflehner Michael<\/li>\n<li>Holzknecht Lukas<\/li>\n<li>Boisits Anna<\/li>\n<\/ol>\n<\/li>\n<li>\n<h4><strong>Club Squash Paradies<\/strong><\/h4>\n<ol>\n<li>F\u00f6ssl Armin<\/li>\n<li>Waldner Markus<\/li>\n<li>Holzapfel Robert (MF)<\/li>\n<li>Sanklecha Pranay<\/li>\n<li>Sch\u00f6nfelder Edwin<\/li>\n<li>Braunagel Gabriel .<\/li>\n<li>Brunner Manfred .<\/li>\n<\/ol>\n<\/li>\n<li>\n<h4><strong>UWK <a href=\"https:\/\/www.facebook.com\/UWKVerveSquash?fref=ts\" title=\"UWK Verve\" target=\"_blank\">Verve<\/a><\/strong><\/h4>\n<ol>\n<li>Horvat Boris (MF)<\/li>\n<li>Angerer Bernd<\/li>\n<li>Werner Miklos<\/li>\n<li>Hinterdorfer Martin<\/li>\n<li>Eibisberger Kurt<\/li>\n<li>Ruhri Franz<\/li>\n<li>Briski Marko<\/li>\n<li>Jakovljevic Vanja<\/li>\n<li>Mandl Claudia<\/li>\n<\/ol>\n<\/li>\n<li>\n<h4><strong>UWK Kardamint<\/strong><\/h4>\n<ol>\n<li>Duller Stephan (MF)<\/li>\n<li>Weber Christoph<\/li>\n<li>Duller Matthias<\/li>\n<li>Kleinb\u00f6ck Roman<\/li>\n<\/ol>\n<\/li>\n<li>\n<h4><strong>UWK Jugend<\/strong><\/h4>\n<ol>\n<li>Maringer Thomas .<\/li>\n<li>Faschauner Stefan (MF)<\/li>\n<li>Schatz Manuel<\/li>\n<li>B\u00e4umel Herwig<\/li>\n<li>Patrick Rieber .<\/li>\n<li>Arzl Simon<\/li>\n<li>Koschell Matthias<\/li>\n<li>Sauer Johannes<\/li>\n<li>Likawetz Matthias<\/li>\n<\/ol>\n<\/li>\n<\/ul>\n","protected":false},"excerpt":{"rendered":"<p>1. Kl. 2015 &#8211; Sieger Squash Paradies Mit einer sehr starken Aufstellung, Manfred Brunner, Gabriel Braunagel, Edwin Sch\u00f6nfelder, Pranay Sanklecha, Robert Holzapfel, Markus Waldner und Armin F\u00f6ssl dominierten die &#8220;Paradieser&#8221; \u00fcber das ganze Jahr die 1. Klasse in der Steiermark &hellip;<\/p>\n<p class=\"read-more\"> <a class=\"more-link\" href=\"https:\/\/www.squash-steiermark.org\/?page_id=3382\"> <span class=\"screen-reader-text\">2014\/15<\/span> Read More &raquo;<\/a><\/p>\n","protected":false},"author":1,"featured_media":0,"parent":123,"menu_order":22,"comment_status":"closed","ping_status":"open","template":"","meta":[],"_links":{"self":[{"href":"https:\/\/www.squash-steiermark.org\/index.php?rest_route=\/wp\/v2\/pages\/3382"}],"collection":[{"href":"https:\/\/www.squash-steiermark.org\/index.php?rest_route=\/wp\/v2\/pages"}],"about":[{"href":"https:\/\/www.squash-steiermark.org\/index.php?rest_route=\/wp\/v2\/types\/page"}],"author":[{"embeddable":true,"href":"https:\/\/www.squash-steiermark.org\/index.php?rest_route=\/wp\/v2\/users\/1"}],"replies":[{"embeddable":true,"href":"https:\/\/www.squash-steiermark.org\/index.php?rest_route=%2Fwp%2Fv2%2Fcomments&post=3382"}],"version-history":[{"count":9,"href":"https:\/\/www.squash-steiermark.org\/index.php?rest_route=\/wp\/v2\/pages\/3382\/revisions"}],"predecessor-version":[{"id":3400,"href":"https:\/\/www.squash-steiermark.org\/index.php?rest_route=\/wp\/v2\/pages\/3382\/revisions\/3400"}],"up":[{"embeddable":true,"href":"https:\/\/www.squash-steiermark.org\/index.php?rest_route=\/wp\/v2\/pages\/123"}],"wp:attachment":[{"href":"https:\/\/www.squash-steiermark.org\/index.php?rest_route=%2Fwp%2Fv2%2Fmedia&parent=3382"}],"curies":[{"name":"wp","href":"https:\/\/api.w.org\/{rel}","templated":true}]}}